
10
Let h(f) = 2*f. Suppose -10 = 4*m + 10. Let v(i) = -i - 1. Let x(p) = 6*p + 12. Let s(c) = 5*v(c) + x(c). Let a be s(m). Give h(a).
4
Let m be (0*(-4)/16)/1. Let o(z) be the third derivative of -1/6*z**3 + 1/12*z**4 + m - 1/60*z**5 + 0*z + 3*z**2. Calculate o(2).
-1
Let h(j) = 182*j. Let q(p) = 15*p. Let c(s) = 4*h(s) - 49*q(s). Calculate c(1).
-7
Let i be (99/117 - 1)*-13. Let g(s) = 5*s**2 + 2*s - 1. Calculate g(i).
23
Let w(u) be the third derivative of 0 + 3*u**2 + 1/24*u**4 + 0*u - 2/3*u**3. Let d(m) = 2*m - 14. Let a be d(10). Give w(a).
2
Suppose 0 = 4*j - 5 - 7. Suppose f + j*f - 24 = 0. Let a(x) be the first derivative of x**2/2 - 7*x - 1056. Give a(f).
-1
Let b(w) be the third derivative of -w**8/6720 - w**7/1680 - w**6/720 + w**5/10 + 20*w**2. Let v(s) be the third derivative of b(s). What is v(-2)?
-7
Let w(c) = c**3 - 6*c**2 + 7. Let k(i) = -i**3 + 4*i + 6 + 2*i + 55*i**2 - 56*i**2. Let y be k(-3). What is w(y)?
7
Let n(t) = 453*t**2 + t. Let d be n(1). Let f(u) = u**2 + 454*u - 8 - d*u. Calculate f(0).
-8
Let p(y) = 5. Let o(b) = b. Let m(i) = -i**2 + 5*i + 7. Let x be m(6). Let h(u) = x*o(u) + p(u). Determine h(-4).
1
Let q be (0 - 6/7)/((-6)/21). Let o(n) = 2*n**2 - 3*n - 2. Determine o(q).
7
Let t(s) be the first derivative of -5*s**2/2 + 22*s - 54. Calculate t(8).
-18
Let n(r) = -4*r - 18. Let f(c) = 4*c + 16. Let d(s) = 4*f(s) + 3*n(s). Give d(-4).
-6
Let l = 16 - 10. Let a(h) = -h**3 + 7*h**2 - 4*h - 8. Let x be a(l). Let p(v) be the second derivative of v**3/6 + v**2 - 6*v. Calculate p(x).
6
Let f(l) = 2*l - 19. Let c(r) = -5*r + 38. Let y(k) = 4*c(k) + 9*f(k). Let h be y(-13). Suppose 3 = -h*p + 4*p. Let u(z) = -2*z**3 - 2*z**2 + 1. Determine u(p).
1
Let n(j) = -3*j**3 + 12*j**2 + 24*j + 9. Let g(w) = -2*w**3 + 11*w**2 + 20*w + 9. Let k(m) = 4*g(m) - 3*n(m). Give k(-7).
2
Suppose 4*y - 3*p + 12 = p, 0 = 4*y - 3*p + 13. Let o be 11/2 + 2/y. Let r(b) = -9 + o*b**2 - 4*b**3 - 7*b - 4*b**3 + 9*b**3. Give r(-6).
-3
Let z(k) be the second derivative of k**6/72 - k**5/120 + k**4/24 + 5*k**3/2 + 7*k. Let g(u) be the second derivative of z(u). What is g(-2)?
23
Let n(x) = -x**3 + x - 3*x + 7*x - 4*x. Let l(z) = 7*z**3 - z**2 - 3*z - 1. Let k(d) = l(d) + 5*n(d). Let s(g) = g**2 - 7*g - 7. Let v be s(8). Determine k(v).
2
Let n(k) = -k**2 - 3*k + 4 + k**3 + 0 - k**2. Let v(q) = -2*q - 19. Suppose -3 = -2*l - 25. Let x be v(l). Give n(x).
4
Let o(s) = -s**2 + 6*s + 7. Let c = 79 - 55. Let p be 4*2/c*1*15. Calculate o(p).
12
Let p(v) = -467*v - 935. Let j be p(-2). Let q(i) = -i + 1. Let w(g) = -10*g + 6. Let a(z) = 5*q(z) - w(z). Calculate a(j).
-6
Suppose 2*p + 5*x = 6, -10 = -p - p - 3*x. Suppose 0 = -0*q + 4*q + p. Let k(i) be the first derivative of i**2/2 - i - 6. Determine k(q).
-3
Suppose -13*y - 13*y - 130 = 0. Let a(w) = -6*w - 37. Calculate a(y).
-7
Let n(x) = -2*x - 17. Let r be n(-8). Let j(t) = 4*t**2 - 2*t - 2. Determine j(r).
4
Suppose 0 = -2*t + 48*t. Let m(x) = -2*x + 1 - 3 + 6. Let d(b) = b - 2. Let w(a) = -7*d(a) - 4*m(a). Determine w(t).
-2
Suppose -3*r + 12 = 2*m + r, 5*m - 20 = -5*r. Let a(u) = -m*u**2 + 5 + 0 + 0*u**2 - 4. Give a(-1).
-1
Let v be -2 - (-1 + 0) - -3 - -1. Let d(j) = 4*j + 23*j**3 + 4 - 22*j**v - 1 + 4*j**2. Determine d(-3).
0
Let k be 6/(-2) + 3 + -5. Let u = k - -4. Let o(l) = 0 - 12*l + 0*l + 3*l + 1. What is o(u)?
10
Suppose 3*s - 7*s - p = 1, -5*s - 5 = 5*p. Let m(f) = 0*f + 12 + 0*f + s*f - f. Give m(7).
5
Let x(r) = -16*r + 31. Let l be x(2). Let j(w) = 14*w**2 + w. What is j(l)?
13
Let m(w) be the second derivative of -3*w**5/20 + w**2 + 27*w + 1. Determine m(2).
-22
Let l(o) = -1 - 20*o**2 + 67*o**2 - 33*o**2. Give l(-1).
13
Let y(l) = -3*l**3 + 22*l**3 - 7*l**3 + l - 8*l**3. Give y(1).
5
Let b(c) = -8*c - 8 + 9 + c - 2. Let j be 7 + -1 + 0 + -1. Suppose 5 = -5*g + j*v, 2*v - 5*v - 2 = 2*g. Give b(g).
6
Let i(g) = -28*g**2. Let p = 732 - 731. Give i(p).
-28
Let w(j) = 3*j. Let i(o) = -2*o. Suppose -8*z - 36 - 4 = 0. Let u(p) = z*i(p) - 3*w(p). Give u(2).
2
Let x(u) = -u - 2. Let c(b) = -4*b**2 + b + 8. Let j be c(-2). Let f(p) = -3*p - 14. Let r(a) = j*x(a) + 2*f(a). Calculate r(7).
20
Let z(x) = -x + 3. Let v(n) = n + 9. Let i be v(3). Suppose 0*r - 4*r + i = 0. Suppose k - 4*y + 28 = -2*k, -3*y = r*k. Determine z(k).
7
Let j be 3/5 - 24/(-10). Let g(d) = 5*d + 4 - 4*d**2 + 0 + 2 + d**3 - 2*d**2. Let m be g(j). Let f(q) = q + 2. Give f(m).
-4
Let q(v) = 2*v + 9. Let w(u) = u - 22. Let j = 66 - 51. Let z be w(j). Calculate q(z).
-5
Let b be 78/(-52)*(-14)/3. Let v(l) = -l**2 + 7*l - 3. Determine v(b).
-3
Let m(h) be the third derivative of -h**5/60 - h**4/8 + 7*h**3/6 - 4*h**2 - 10. Give m(-5).
-3
Suppose -5*c - 14 = 41. Let s = 14 + c. Suppose -s = -h - 4*i + 3, -4*i = 0. Let m(b) = b**2 - 7*b + 1. Give m(h).
-5
Let f be ((-1 - 1)*1)/(-1). Suppose 5*y = 3*k + y - 13, -4*k + y + 13 = 0. Let h be 0/((-2*k)/f). Let w(i) = i**2 + 9. Determine w(h).
9
Suppose -5*x + 3*r = 6*r + 47, -8 = 2*r. Let z(c) = -3*c - 12. Calculate z(x).
9
Suppose 0 = 137*u - 134*u + 12. Let q(m) be the third derivative of -m**4/24 + m**3/2 - 3*m**2. Determine q(u).
7
Let s(f) = f**3 - 5*f**2 - 16*f + 62. Let g be (205/(-25) + 7)/(4/(-20)). Calculate s(g).
2
Let u(x) be the first derivative of x**5/60 - x**4/3 + 7*x**3/6 + 21*x**2/2 - 4. Let h(b) be the second derivative of u(b). What is h(5)?
-8
Let g = 22 + -15. Suppose -3*s - 3 + 12 = 0. Let b(z) = 1 + 2 + z**s + g*z**2 + 2*z - 5*z**2. Determine b(-2).
-1
Let t(s) = -5*s**3 + 231*s - 2*s**2 - 7 - 234*s + 6. Calculate t(-1).
5
Let u(y) = -2*y**2 - 11*y + 1. Let v(a) = -a**2 + a + 14. Let l be v(-4). Let j be u(l). Let h(t) = -t**2 - 6*t + 5. Calculate h(j).
10
Let v(k) = 9*k**2 + 10*k - 21 + 5*k + 4*k**2 + 8*k**2 + k**3 - 4*k**2. Give v(-16).
-5
Let f(a) be the first derivative of 11*a + 1/3*a**3 - 22 - 5*a**2. Determine f(8).
-5
Let u be 8*(-9)/(-12) + -19. Let f(l) = l + 12. What is f(u)?
-1
Let n(y) = -y**2 + 4*y - 1. Suppose 6*h - 120 = -84. What is n(h)?
-13
Suppose -4*r - 5*u + 40 = r, -2*r = -4*u - 4. Let c = -6 - -8. Let q(d) = -d**3 - 3*d + d - d + 2*d + 6*d**c + 6. Determine q(r).
0
Suppose 10*o = -2*p + 6*o + 4, -2*p - o + 1 = 0. Let l(j) = -j**2 + 2*j - 8. Calculate l(p).
-8
Let s(j) = j**2 + j + 2. Let l be 1/(-10)*-5 - 1/2. Suppose 2*n + l = r + 7, 4*n = 3*r + 17. Determine s(r).
8
Let s = -43 - -44. Let h(c) = 34*c**2 + s + 29*c**2 - 66*c**2. What is h(2)?
-11
Let o(t) be the third derivative of -t**5/40 - t**3/3 - 2*t**2. Let h(k) be the first derivative of o(k). Suppose 0*r - 3*r - 6 = 0. Determine h(r).
6
Let r(q) = q - 3. Let y(z) = -z**3 + z**2 - 2*z + 2. Let g = 24 + -22. Let d be y(g). What is r(d)?
-9
Let c(b) = 7*b**2 + 3*b - 5. Let f(t) = 3*t**2 + t - 2. Let u(q) = 2*c(q) - 5*f(q). What is u(-5)?
-30
Let o(l) = l**2 + 5*l - 10. Suppose -3*f = -2*x - 1 + 52, 0 = -2*x + 6. Let h be 6/((-18)/f) - 4. Let q = h - 8. Give o(q).
4
Let j(h) = -2 - 3 + 6 + 2*h - 4*h. Let c(r) = r + 10. Let o be c(-11). Calculate j(o).
3
Let b(q) be the second derivative of -q**4/12 - 3*q**3/2 + 5*q**2/2 + 102*q. Determine b(-9).
5
Let t(f) = -f**3 - 13*f**2 + f + 9. Let k be 13/(-3)*(0 + 3). Determine t(k).
-4
Let j(v) be the first derivative of v**4/4 + v**3 - 3*v**2/2 - 4*v + 5. Let n = 6 - 10. Let u be n/(8/(-2))*-4. Calculate j(u).
-8
Let f(b) = -b - 79 + 167 - 85 - 6*b. Calculate f(-3).
24
Let x(q) = 2*q**3 - 5*q**2 + q + 4. Let g be x(3). Suppose y = -0*j - 3*j + g, 0 = -2*y - 4*j + 22. Let n(i) = 11*i - 27*i + 1 + 6*i + 7*i + 12*i. Give n(y).
10
Let f(m) be the first derivative of m**3/3 + 9*m**2/2 + 2*m + 133. Determine f(-9).
2
Let h(a) = -2*a**3 - a**2 + 5*a + 2. Let w(l) = -l**2 + 2*l - 3. Let x be w(0). Let u be h(x). Let v = u - 30. Let d(t) = t**2 - 2. What is d(v)?
2
Let f(u) = u**3 + 13*u**2 + 24*u + 21. Let m be f(-11). Let p(z) = z + 1. Let w(n) = n + 2. Let s(r) = 5*p(r) - 2*w(r). Give s(m).
-2
Let j(f) = -f**2 + 2. Let o = -225 + 120. Let a = o + 108. Calculate j(a).
-7
Let x(f) = 12*f + 3*f - 22*f + 9*f. Let o(s) = -s + 2. Let w be o(4). What is x(w)?
-4
Let u(l) be the third derivative of -l**4/24 + 2*l**3/3 + 549*l**2. Determine u(15).
-11
Suppose -a + o = 12, -2*a - 2*o - 39 = -o. Let m = -12 - a. Let r(x) = m*x - x - 3*x**2 + 2*x**2